{"id":25718,"date":"2018-12-24T16:44:15","date_gmt":"2018-12-24T15:44:15","guid":{"rendered":"https:\/\/www.forum-soegel.de\/information\/wp-content\/uploads\/2018\/12\/NUR-INTERNET_In-Ahmsen-soll-es-gr\u00fcnen-und-bl\u00fchen.jpg"},"modified":"2018-12-24T16:44:32","modified_gmt":"2018-12-24T15:44:32","slug":"nur-internet_in-ahmsen-soll-es-gruenen-und-bluehen","status":"inherit","type":"attachment","link":"https:\/\/www.forum-soegel.de\/information\/2018\/12\/in-ahmsen-soll-es-gruenen-und-bluehen\/nur-internet_in-ahmsen-soll-es-gruenen-und-bluehen\/","title":{"rendered":"NUR INTERNET_In Ahmsen soll es gr\u00fcnen und bl\u00fchen"},"author":2,"featured_media":0,"comment_status":"closed","ping_status":"closed","template":"","meta":{"ngg_post_thumbnail":0},"class_list":["post-25718","attachment","type-attachment","status-inherit","hentry"],"description":{"rendered":"<p class=\"attachment\"><a href='https:\/\/www.forum-soegel.de\/information\/wp-content\/uploads\/2018\/12\/NUR-INTERNET_In-Ahmsen-soll-es-gr\u00fcnen-und-bl\u00fchen.jpg'><img loading=\"lazy\" decoding=\"async\" width=\"300\" height=\"200\" src=\"https:\/\/www.forum-soegel.de\/information\/wp-content\/uploads\/2018\/12\/NUR-INTERNET_In-Ahmsen-soll-es-gr\u00fcnen-und-bl\u00fchen-300x200.jpg\" class=\"attachment-medium size-medium\" alt=\"\" srcset=\"https:\/\/www.forum-soegel.de\/information\/wp-content\/uploads\/2018\/12\/NUR-INTERNET_In-Ahmsen-soll-es-gr\u00fcnen-und-bl\u00fchen-300x200.jpg 300w, https:\/\/www.forum-soegel.de\/information\/wp-content\/uploads\/2018\/12\/NUR-INTERNET_In-Ahmsen-soll-es-gr\u00fcnen-und-bl\u00fchen-768x512.jpg 768w, https:\/\/www.forum-soegel.de\/information\/wp-content\/uploads\/2018\/12\/NUR-INTERNET_In-Ahmsen-soll-es-gr\u00fcnen-und-bl\u00fchen.jpg 1024w\" sizes=\"auto, (max-width: 300px) 100vw, 300px\" \/><\/a><\/p>\n"},"caption":{"rendered":"Michael Engbers (Bildungsreferent Jugendkloster Ahmsen), Martina Cordes (Amt f\u00fcr regionale Landesentwicklung), Christian Thien (Leiter Marstall Clemenswerth und zuk\u00fcnftig auch Jugendkloster Ahmsen)\n"},"alt_text":"","media_type":"image","mime_type":"image\/jpeg","media_details":{"width":1024,"height":683,"file":"2018\/12\/NUR-INTERNET_In-Ahmsen-soll-es-gr\u00fcnen-und-bl\u00fchen.jpg","sizes":{"thumbnail":{"file":"NUR-INTERNET_In-Ahmsen-soll-es-gr\u00fcnen-und-bl\u00fchen-150x150.jpg","width":150,"height":150,"mime_type":"image\/jpeg","source_url":"https:\/\/www.forum-soegel.de\/information\/wp-content\/uploads\/2018\/12\/NUR-INTERNET_In-Ahmsen-soll-es-gr\u00fcnen-und-bl\u00fchen-150x150.jpg"},"medium":{"file":"NUR-INTERNET_In-Ahmsen-soll-es-gr\u00fcnen-und-bl\u00fchen-300x200.jpg","width":300,"height":200,"mime_type":"image\/jpeg","source_url":"https:\/\/www.forum-soegel.de\/information\/wp-content\/uploads\/2018\/12\/NUR-INTERNET_In-Ahmsen-soll-es-gr\u00fcnen-und-bl\u00fchen-300x200.jpg"},"medium_large":{"file":"NUR-INTERNET_In-Ahmsen-soll-es-gr\u00fcnen-und-bl\u00fchen-768x512.jpg","width":768,"height":512,"mime_type":"image\/jpeg","source_url":"https:\/\/www.forum-soegel.de\/information\/wp-content\/uploads\/2018\/12\/NUR-INTERNET_In-Ahmsen-soll-es-gr\u00fcnen-und-bl\u00fchen-768x512.jpg"},"large":{"file":"NUR-INTERNET_In-Ahmsen-soll-es-gr\u00fcnen-und-bl\u00fchen-1024x683.jpg","width":1024,"height":683,"mime_type":"image\/jpeg","source_url":"https:\/\/www.forum-soegel.de\/information\/wp-content\/uploads\/2018\/12\/NUR-INTERNET_In-Ahmsen-soll-es-gr\u00fcnen-und-bl\u00fchen-1024x683.jpg"},"full":{"file":"NUR-INTERNET_In-Ahmsen-soll-es-gr\u00fcnen-und-bl\u00fchen.jpg","width":1024,"height":683,"mime_type":"image\/jpeg","source_url":"https:\/\/www.forum-soegel.de\/information\/wp-content\/uploads\/2018\/12\/NUR-INTERNET_In-Ahmsen-soll-es-gr\u00fcnen-und-bl\u00fchen.jpg"}},"image_meta":{"aperture":"0","credit":"","camera":"","caption":"","created_timestamp":"0","copyright":"","focal_length":"0","iso":"0","shutter_speed":"0","title":"","orientation":"0","keywords":[]}},"post":25717,"source_url":"https:\/\/www.forum-soegel.de\/information\/wp-content\/uploads\/2018\/12\/NUR-INTERNET_In-Ahmsen-soll-es-gr\u00fcnen-und-bl\u00fchen.jpg","_links":{"self":[{"href":"https:\/\/www.forum-soegel.de\/information\/wp-json\/wp\/v2\/media\/25718","targetHints":{"allow":["GET"]}}],"collection":[{"href":"https:\/\/www.forum-soegel.de\/information\/wp-json\/wp\/v2\/media"}],"about":[{"href":"https:\/\/www.forum-soegel.de\/information\/wp-json\/wp\/v2\/types\/attachment"}],"author":[{"embeddable":true,"href":"https:\/\/www.forum-soegel.de\/information\/wp-json\/wp\/v2\/users\/2"}],"replies":[{"embeddable":true,"href":"https:\/\/www.forum-soegel.de\/information\/wp-json\/wp\/v2\/comments?post=25718"}],"wp:attached-to":[{"embeddable":true,"post_type":"post","id":25717,"href":"https:\/\/www.forum-soegel.de\/information\/wp-json\/wp\/v2\/posts\/25717"}],"curies":[{"name":"wp","href":"https:\/\/api.w.org\/{rel}","templated":true}]}}

https://www.forum-soegel.de/information/wp-content/uploads/2018/12/NUR-INTERNET_In-Ahmsen-soll-es-grünen-und-blühen.jpg

NUR INTERNET_In Ahmsen soll es grünen und blühen

<p class="attachment"><a href='https://www.forum-soegel.de/information/wp-content/uploads/2018/12/NUR-INTERNET_In-Ahmsen-soll-es-grünen-und-blühen.jpg'><img loading="lazy" decoding="async" width="300" height="200" src="https://www.forum-soegel.de/information/wp-content/uploads/2018/12/NUR-INTERNET_In-Ahmsen-soll-es-grünen-und-blühen-300x200.jpg" class="attachment-medium size-medium" alt="" srcset="https://www.forum-soegel.de/information/wp-content/uploads/2018/12/NUR-INTERNET_In-Ahmsen-soll-es-grünen-und-blühen-300x200.jpg 300w, https://www.forum-soegel.de/information/wp-content/uploads/2018/12/NUR-INTERNET_In-Ahmsen-soll-es-grünen-und-blühen-768x512.jpg 768w, https://www.forum-soegel.de/information/wp-content/uploads/2018/12/NUR-INTERNET_In-Ahmsen-soll-es-grünen-und-blühen.jpg 1024w" sizes="auto, (max-width: 300px) 100vw, 300px" /></a></p>

Michael Engbers (Bildungsreferent Jugendkloster Ahmsen), Martina Cordes (Amt für regionale Landesentwicklung), Christian Thien (Leiter Marstall Clemenswerth und zukünftig auch Jugendkloster Ahmsen)

2018/12/NUR-INTERNET_In-Ahmsen-soll-es-grünen-und-blühen.jpg

NUR-INTERNET_In-Ahmsen-soll-es-grünen-und-blühen-150x150.jpg

https://www.forum-soegel.de/information/wp-content/uploads/2018/12/NUR-INTERNET_In-Ahmsen-soll-es-grünen-und-blühen-150x150.jpg

NUR-INTERNET_In-Ahmsen-soll-es-grünen-und-blühen-300x200.jpg

https://www.forum-soegel.de/information/wp-content/uploads/2018/12/NUR-INTERNET_In-Ahmsen-soll-es-grünen-und-blühen-300x200.jpg

NUR-INTERNET_In-Ahmsen-soll-es-grünen-und-blühen-768x512.jpg

https://www.forum-soegel.de/information/wp-content/uploads/2018/12/NUR-INTERNET_In-Ahmsen-soll-es-grünen-und-blühen-768x512.jpg

NUR-INTERNET_In-Ahmsen-soll-es-grünen-und-blühen-1024x683.jpg

https://www.forum-soegel.de/information/wp-content/uploads/2018/12/NUR-INTERNET_In-Ahmsen-soll-es-grünen-und-blühen-1024x683.jpg

NUR-INTERNET_In-Ahmsen-soll-es-grünen-und-blühen.jpg
