{"id":25633,"date":"2018-12-24T16:13:24","date_gmt":"2018-12-24T15:13:24","guid":{"rendered":"https:\/\/www.forum-soegel.de\/information\/wp-content\/uploads\/2018\/12\/Neues-Outfit-f\u00fcr-die-A-Jugend-der-JSG-S\u00f6gelSpahnharrenst\u00e4tte.png"},"modified":"2018-12-24T16:13:24","modified_gmt":"2018-12-24T15:13:24","slug":"neues-outfit-fuer-die-a-jugend-der-jsg-soegelspahnharrenstaette","status":"inherit","type":"attachment","link":"https:\/\/www.forum-soegel.de\/information\/2018\/12\/neues-outfit-fuer-die-a-jugend-der-jsg-soegel-spahnharrenstaette\/neues-outfit-fuer-die-a-jugend-der-jsg-soegelspahnharrenstaette\/","title":{"rendered":"Neues Outfit f\u00fcr die A-Jugend der JSG S\u00f6gelSpahnharrenst\u00e4tte"},"author":2,"featured_media":0,"comment_status":"closed","ping_status":"closed","template":"","meta":{"ngg_post_thumbnail":0},"class_list":["post-25633","attachment","type-attachment","status-inherit","hentry"],"description":{"rendered":"<p class=\"attachment\"><a href='https:\/\/www.forum-soegel.de\/information\/wp-content\/uploads\/2018\/12\/Neues-Outfit-f\u00fcr-die-A-Jugend-der-JSG-S\u00f6gelSpahnharrenst\u00e4tte.png'><img loading=\"lazy\" decoding=\"async\" width=\"300\" height=\"200\" src=\"https:\/\/www.forum-soegel.de\/information\/wp-content\/uploads\/2018\/12\/Neues-Outfit-f\u00fcr-die-A-Jugend-der-JSG-S\u00f6gelSpahnharrenst\u00e4tte-300x200.png\" class=\"attachment-medium size-medium\" alt=\"\" srcset=\"https:\/\/www.forum-soegel.de\/information\/wp-content\/uploads\/2018\/12\/Neues-Outfit-f\u00fcr-die-A-Jugend-der-JSG-S\u00f6gelSpahnharrenst\u00e4tte-300x200.png 300w, https:\/\/www.forum-soegel.de\/information\/wp-content\/uploads\/2018\/12\/Neues-Outfit-f\u00fcr-die-A-Jugend-der-JSG-S\u00f6gelSpahnharrenst\u00e4tte-768x511.png 768w, https:\/\/www.forum-soegel.de\/information\/wp-content\/uploads\/2018\/12\/Neues-Outfit-f\u00fcr-die-A-Jugend-der-JSG-S\u00f6gelSpahnharrenst\u00e4tte.png 1024w\" sizes=\"auto, (max-width: 300px) 100vw, 300px\" \/><\/a><\/p>\n"},"caption":{"rendered":""},"alt_text":"","media_type":"image","mime_type":"image\/png","media_details":{"width":1024,"height":681,"file":"2018\/12\/Neues-Outfit-f\u00fcr-die-A-Jugend-der-JSG-S\u00f6gelSpahnharrenst\u00e4tte.png","sizes":{"thumbnail":{"file":"Neues-Outfit-f\u00fcr-die-A-Jugend-der-JSG-S\u00f6gelSpahnharrenst\u00e4tte-150x150.png","width":150,"height":150,"mime_type":"image\/png","source_url":"https:\/\/www.forum-soegel.de\/information\/wp-content\/uploads\/2018\/12\/Neues-Outfit-f\u00fcr-die-A-Jugend-der-JSG-S\u00f6gelSpahnharrenst\u00e4tte-150x150.png"},"medium":{"file":"Neues-Outfit-f\u00fcr-die-A-Jugend-der-JSG-S\u00f6gelSpahnharrenst\u00e4tte-300x200.png","width":300,"height":200,"mime_type":"image\/png","source_url":"https:\/\/www.forum-soegel.de\/information\/wp-content\/uploads\/2018\/12\/Neues-Outfit-f\u00fcr-die-A-Jugend-der-JSG-S\u00f6gelSpahnharrenst\u00e4tte-300x200.png"},"medium_large":{"file":"Neues-Outfit-f\u00fcr-die-A-Jugend-der-JSG-S\u00f6gelSpahnharrenst\u00e4tte-768x511.png","width":768,"height":511,"mime_type":"image\/png","source_url":"https:\/\/www.forum-soegel.de\/information\/wp-content\/uploads\/2018\/12\/Neues-Outfit-f\u00fcr-die-A-Jugend-der-JSG-S\u00f6gelSpahnharrenst\u00e4tte-768x511.png"},"large":{"file":"Neues-Outfit-f\u00fcr-die-A-Jugend-der-JSG-S\u00f6gelSpahnharrenst\u00e4tte-1024x681.png","width":1024,"height":681,"mime_type":"image\/png","source_url":"https:\/\/www.forum-soegel.de\/information\/wp-content\/uploads\/2018\/12\/Neues-Outfit-f\u00fcr-die-A-Jugend-der-JSG-S\u00f6gelSpahnharrenst\u00e4tte-1024x681.png"},"full":{"file":"Neues-Outfit-f\u00fcr-die-A-Jugend-der-JSG-S\u00f6gelSpahnharrenst\u00e4tte.png","width":1024,"height":681,"mime_type":"image\/png","source_url":"https:\/\/www.forum-soegel.de\/information\/wp-content\/uploads\/2018\/12\/Neues-Outfit-f\u00fcr-die-A-Jugend-der-JSG-S\u00f6gelSpahnharrenst\u00e4tte.png"}},"image_meta":{"aperture":"0","credit":"","camera":"","caption":"","created_timestamp":"0","copyright":"","focal_length":"0","iso":"0","shutter_speed":"0","title":"","orientation":"0","keywords":[]}},"post":25632,"source_url":"https:\/\/www.forum-soegel.de\/information\/wp-content\/uploads\/2018\/12\/Neues-Outfit-f\u00fcr-die-A-Jugend-der-JSG-S\u00f6gelSpahnharrenst\u00e4tte.png","_links":{"self":[{"href":"https:\/\/www.forum-soegel.de\/information\/wp-json\/wp\/v2\/media\/25633","targetHints":{"allow":["GET"]}}],"collection":[{"href":"https:\/\/www.forum-soegel.de\/information\/wp-json\/wp\/v2\/media"}],"about":[{"href":"https:\/\/www.forum-soegel.de\/information\/wp-json\/wp\/v2\/types\/attachment"}],"author":[{"embeddable":true,"href":"https:\/\/www.forum-soegel.de\/information\/wp-json\/wp\/v2\/users\/2"}],"replies":[{"embeddable":true,"href":"https:\/\/www.forum-soegel.de\/information\/wp-json\/wp\/v2\/comments?post=25633"}],"wp:attached-to":[{"embeddable":true,"post_type":"post","id":25632,"href":"https:\/\/www.forum-soegel.de\/information\/wp-json\/wp\/v2\/posts\/25632"}],"curies":[{"name":"wp","href":"https:\/\/api.w.org\/{rel}","templated":true}]}}

https://www.forum-soegel.de/information/wp-content/uploads/2018/12/Neues-Outfit-für-die-A-Jugend-der-JSG-SögelSpahnharrenstätte.png

Neues Outfit für die A-Jugend der JSG SögelSpahnharrenstätte

<p class="attachment"><a href='https://www.forum-soegel.de/information/wp-content/uploads/2018/12/Neues-Outfit-für-die-A-Jugend-der-JSG-SögelSpahnharrenstätte.png'><img loading="lazy" decoding="async" width="300" height="200" src="https://www.forum-soegel.de/information/wp-content/uploads/2018/12/Neues-Outfit-für-die-A-Jugend-der-JSG-SögelSpahnharrenstätte-300x200.png" class="attachment-medium size-medium" alt="" srcset="https://www.forum-soegel.de/information/wp-content/uploads/2018/12/Neues-Outfit-für-die-A-Jugend-der-JSG-SögelSpahnharrenstätte-300x200.png 300w, https://www.forum-soegel.de/information/wp-content/uploads/2018/12/Neues-Outfit-für-die-A-Jugend-der-JSG-SögelSpahnharrenstätte-768x511.png 768w, https://www.forum-soegel.de/information/wp-content/uploads/2018/12/Neues-Outfit-für-die-A-Jugend-der-JSG-SögelSpahnharrenstätte.png 1024w" sizes="auto, (max-width: 300px) 100vw, 300px" /></a></p>

2018/12/Neues-Outfit-für-die-A-Jugend-der-JSG-SögelSpahnharrenstätte.png

Neues-Outfit-für-die-A-Jugend-der-JSG-SögelSpahnharrenstätte-150x150.png

https://www.forum-soegel.de/information/wp-content/uploads/2018/12/Neues-Outfit-für-die-A-Jugend-der-JSG-SögelSpahnharrenstätte-150x150.png

Neues-Outfit-für-die-A-Jugend-der-JSG-SögelSpahnharrenstätte-300x200.png

https://www.forum-soegel.de/information/wp-content/uploads/2018/12/Neues-Outfit-für-die-A-Jugend-der-JSG-SögelSpahnharrenstätte-300x200.png

Neues-Outfit-für-die-A-Jugend-der-JSG-SögelSpahnharrenstätte-768x511.png

https://www.forum-soegel.de/information/wp-content/uploads/2018/12/Neues-Outfit-für-die-A-Jugend-der-JSG-SögelSpahnharrenstätte-768x511.png

Neues-Outfit-für-die-A-Jugend-der-JSG-SögelSpahnharrenstätte-1024x681.png

https://www.forum-soegel.de/information/wp-content/uploads/2018/12/Neues-Outfit-für-die-A-Jugend-der-JSG-SögelSpahnharrenstätte-1024x681.png

Neues-Outfit-für-die-A-Jugend-der-JSG-SögelSpahnharrenstätte.png
