{"id":25473,"date":"2018-12-21T19:06:12","date_gmt":"2018-12-21T18:06:12","guid":{"rendered":"https:\/\/www.forum-soegel.de\/information\/wp-content\/uploads\/2018\/12\/Der-Weltladen-in-S\u00f6gel.jpg"},"modified":"2018-12-21T19:06:26","modified_gmt":"2018-12-21T18:06:26","slug":"der-weltladen-in-soegel","status":"inherit","type":"attachment","link":"https:\/\/www.forum-soegel.de\/information\/2018\/12\/der-weltladen-in-soegel-nur-eine-solidarische-welt-kann-eine-gerechte-und-friedvolle-welt-sein\/der-weltladen-in-soegel\/","title":{"rendered":"Der Weltladen in S\u00f6gel"},"author":2,"featured_media":0,"comment_status":"closed","ping_status":"closed","template":"","meta":{"ngg_post_thumbnail":0},"class_list":["post-25473","attachment","type-attachment","status-inherit","hentry"],"description":{"rendered":"<p class=\"attachment\"><a href='https:\/\/www.forum-soegel.de\/information\/wp-content\/uploads\/2018\/12\/Der-Weltladen-in-S\u00f6gel.jpg'><img loading=\"lazy\" decoding=\"async\" width=\"300\" height=\"200\" src=\"https:\/\/www.forum-soegel.de\/information\/wp-content\/uploads\/2018\/12\/Der-Weltladen-in-S\u00f6gel-300x200.jpg\" class=\"attachment-medium size-medium\" alt=\"\" srcset=\"https:\/\/www.forum-soegel.de\/information\/wp-content\/uploads\/2018\/12\/Der-Weltladen-in-S\u00f6gel-300x200.jpg 300w, https:\/\/www.forum-soegel.de\/information\/wp-content\/uploads\/2018\/12\/Der-Weltladen-in-S\u00f6gel-768x512.jpg 768w, https:\/\/www.forum-soegel.de\/information\/wp-content\/uploads\/2018\/12\/Der-Weltladen-in-S\u00f6gel.jpg 1024w\" sizes=\"auto, (max-width: 300px) 100vw, 300px\" \/><\/a><\/p>\n"},"caption":{"rendered":"Das Ladenteam unterst\u00fctzt die Kampagne &#8222;Fairtrade Towns&#8220; nat\u00fcrlich tatkr\u00e4ftig unter der Leitung von Martina Deters (2.v.l.)\n"},"alt_text":"","media_type":"image","mime_type":"image\/jpeg","media_details":{"width":1024,"height":683,"file":"2018\/12\/Der-Weltladen-in-S\u00f6gel.jpg","sizes":{"thumbnail":{"file":"Der-Weltladen-in-S\u00f6gel-150x150.jpg","width":150,"height":150,"mime_type":"image\/jpeg","source_url":"https:\/\/www.forum-soegel.de\/information\/wp-content\/uploads\/2018\/12\/Der-Weltladen-in-S\u00f6gel-150x150.jpg"},"medium":{"file":"Der-Weltladen-in-S\u00f6gel-300x200.jpg","width":300,"height":200,"mime_type":"image\/jpeg","source_url":"https:\/\/www.forum-soegel.de\/information\/wp-content\/uploads\/2018\/12\/Der-Weltladen-in-S\u00f6gel-300x200.jpg"},"medium_large":{"file":"Der-Weltladen-in-S\u00f6gel-768x512.jpg","width":768,"height":512,"mime_type":"image\/jpeg","source_url":"https:\/\/www.forum-soegel.de\/information\/wp-content\/uploads\/2018\/12\/Der-Weltladen-in-S\u00f6gel-768x512.jpg"},"large":{"file":"Der-Weltladen-in-S\u00f6gel-1024x683.jpg","width":1024,"height":683,"mime_type":"image\/jpeg","source_url":"https:\/\/www.forum-soegel.de\/information\/wp-content\/uploads\/2018\/12\/Der-Weltladen-in-S\u00f6gel-1024x683.jpg"},"full":{"file":"Der-Weltladen-in-S\u00f6gel.jpg","width":1024,"height":683,"mime_type":"image\/jpeg","source_url":"https:\/\/www.forum-soegel.de\/information\/wp-content\/uploads\/2018\/12\/Der-Weltladen-in-S\u00f6gel.jpg"}},"image_meta":{"aperture":"0","credit":"","camera":"","caption":"","created_timestamp":"0","copyright":"","focal_length":"0","iso":"0","shutter_speed":"0","title":"","orientation":"0","keywords":[]}},"post":25472,"source_url":"https:\/\/www.forum-soegel.de\/information\/wp-content\/uploads\/2018\/12\/Der-Weltladen-in-S\u00f6gel.jpg","_links":{"self":[{"href":"https:\/\/www.forum-soegel.de\/information\/wp-json\/wp\/v2\/media\/25473","targetHints":{"allow":["GET"]}}],"collection":[{"href":"https:\/\/www.forum-soegel.de\/information\/wp-json\/wp\/v2\/media"}],"about":[{"href":"https:\/\/www.forum-soegel.de\/information\/wp-json\/wp\/v2\/types\/attachment"}],"author":[{"embeddable":true,"href":"https:\/\/www.forum-soegel.de\/information\/wp-json\/wp\/v2\/users\/2"}],"replies":[{"embeddable":true,"href":"https:\/\/www.forum-soegel.de\/information\/wp-json\/wp\/v2\/comments?post=25473"}],"wp:attached-to":[{"embeddable":true,"post_type":"post","id":25472,"href":"https:\/\/www.forum-soegel.de\/information\/wp-json\/wp\/v2\/posts\/25472"}],"curies":[{"name":"wp","href":"https:\/\/api.w.org\/{rel}","templated":true}]}}

https://www.forum-soegel.de/information/wp-content/uploads/2018/12/Der-Weltladen-in-Sögel.jpg

Der Weltladen in Sögel

<p class="attachment"><a href='https://www.forum-soegel.de/information/wp-content/uploads/2018/12/Der-Weltladen-in-Sögel.jpg'><img loading="lazy" decoding="async" width="300" height="200" src="https://www.forum-soegel.de/information/wp-content/uploads/2018/12/Der-Weltladen-in-Sögel-300x200.jpg" class="attachment-medium size-medium" alt="" srcset="https://www.forum-soegel.de/information/wp-content/uploads/2018/12/Der-Weltladen-in-Sögel-300x200.jpg 300w, https://www.forum-soegel.de/information/wp-content/uploads/2018/12/Der-Weltladen-in-Sögel-768x512.jpg 768w, https://www.forum-soegel.de/information/wp-content/uploads/2018/12/Der-Weltladen-in-Sögel.jpg 1024w" sizes="auto, (max-width: 300px) 100vw, 300px" /></a></p>

Das Ladenteam unterstützt die Kampagne &#8222;Fairtrade Towns&#8220; natürlich tatkräftig unter der Leitung von Martina Deters (2.v.l.)

2018/12/Der-Weltladen-in-Sögel.jpg

Der-Weltladen-in-Sögel-150x150.jpg

https://www.forum-soegel.de/information/wp-content/uploads/2018/12/Der-Weltladen-in-Sögel-150x150.jpg

Der-Weltladen-in-Sögel-300x200.jpg

https://www.forum-soegel.de/information/wp-content/uploads/2018/12/Der-Weltladen-in-Sögel-300x200.jpg

Der-Weltladen-in-Sögel-768x512.jpg

https://www.forum-soegel.de/information/wp-content/uploads/2018/12/Der-Weltladen-in-Sögel-768x512.jpg

Der-Weltladen-in-Sögel-1024x683.jpg

https://www.forum-soegel.de/information/wp-content/uploads/2018/12/Der-Weltladen-in-Sögel-1024x683.jpg

Der-Weltladen-in-Sögel.jpg
