{"id":24199,"date":"2018-06-24T12:31:18","date_gmt":"2018-06-24T10:31:18","guid":{"rendered":"https:\/\/www.forum-soegel.de\/information\/wp-content\/uploads\/2018\/06\/Neues-Wohn-und-Gesch\u00e4ftshaus-in-S\u00f6gels-Ortsmitte.jpg"},"modified":"2018-06-24T12:34:03","modified_gmt":"2018-06-24T10:34:03","slug":"neues-wohn-und-geschaeftshaus-in-soegels-ortsmitte","status":"inherit","type":"attachment","link":"https:\/\/www.forum-soegel.de\/information\/2018\/06\/neubau-eines-wohn-und-geschaeftshauses\/neues-wohn-und-geschaeftshaus-in-soegels-ortsmitte\/","title":{"rendered":"Neues Wohn- und Gesch\u00e4ftshaus in S\u00f6gels Ortsmitte"},"author":2,"featured_media":0,"comment_status":"closed","ping_status":"closed","template":"","meta":{"ngg_post_thumbnail":0},"class_list":["post-24199","attachment","type-attachment","status-inherit","hentry"],"description":{"rendered":"<p class=\"attachment\"><a href='https:\/\/www.forum-soegel.de\/information\/wp-content\/uploads\/2018\/06\/Neues-Wohn-und-Gesch\u00e4ftshaus-in-S\u00f6gels-Ortsmitte.jpg'><img loading=\"lazy\" decoding=\"async\" width=\"300\" height=\"169\" src=\"https:\/\/www.forum-soegel.de\/information\/wp-content\/uploads\/2018\/06\/Neues-Wohn-und-Gesch\u00e4ftshaus-in-S\u00f6gels-Ortsmitte-300x169.jpg\" class=\"attachment-medium size-medium\" alt=\"\" srcset=\"https:\/\/www.forum-soegel.de\/information\/wp-content\/uploads\/2018\/06\/Neues-Wohn-und-Gesch\u00e4ftshaus-in-S\u00f6gels-Ortsmitte-300x169.jpg 300w, https:\/\/www.forum-soegel.de\/information\/wp-content\/uploads\/2018\/06\/Neues-Wohn-und-Gesch\u00e4ftshaus-in-S\u00f6gels-Ortsmitte-768x432.jpg 768w, https:\/\/www.forum-soegel.de\/information\/wp-content\/uploads\/2018\/06\/Neues-Wohn-und-Gesch\u00e4ftshaus-in-S\u00f6gels-Ortsmitte.jpg 1024w\" sizes=\"auto, (max-width: 300px) 100vw, 300px\" \/><\/a><\/p>\n"},"caption":{"rendered":"Bis zum Fr\u00fchjahr n\u00e4chsten Jahres soll ein neues Wohn- und Gesch\u00e4ftshaus in der S\u00f6geler Ortsmitte entstehen. \n"},"alt_text":"","media_type":"image","mime_type":"image\/jpeg","media_details":{"width":1024,"height":576,"file":"2018\/06\/Neues-Wohn-und-Gesch\u00e4ftshaus-in-S\u00f6gels-Ortsmitte.jpg","sizes":{"thumbnail":{"file":"Neues-Wohn-und-Gesch\u00e4ftshaus-in-S\u00f6gels-Ortsmitte-150x150.jpg","width":150,"height":150,"mime_type":"image\/jpeg","source_url":"https:\/\/www.forum-soegel.de\/information\/wp-content\/uploads\/2018\/06\/Neues-Wohn-und-Gesch\u00e4ftshaus-in-S\u00f6gels-Ortsmitte-150x150.jpg"},"medium":{"file":"Neues-Wohn-und-Gesch\u00e4ftshaus-in-S\u00f6gels-Ortsmitte-300x169.jpg","width":300,"height":169,"mime_type":"image\/jpeg","source_url":"https:\/\/www.forum-soegel.de\/information\/wp-content\/uploads\/2018\/06\/Neues-Wohn-und-Gesch\u00e4ftshaus-in-S\u00f6gels-Ortsmitte-300x169.jpg"},"medium_large":{"file":"Neues-Wohn-und-Gesch\u00e4ftshaus-in-S\u00f6gels-Ortsmitte-768x432.jpg","width":768,"height":432,"mime_type":"image\/jpeg","source_url":"https:\/\/www.forum-soegel.de\/information\/wp-content\/uploads\/2018\/06\/Neues-Wohn-und-Gesch\u00e4ftshaus-in-S\u00f6gels-Ortsmitte-768x432.jpg"},"large":{"file":"Neues-Wohn-und-Gesch\u00e4ftshaus-in-S\u00f6gels-Ortsmitte-1024x576.jpg","width":1024,"height":576,"mime_type":"image\/jpeg","source_url":"https:\/\/www.forum-soegel.de\/information\/wp-content\/uploads\/2018\/06\/Neues-Wohn-und-Gesch\u00e4ftshaus-in-S\u00f6gels-Ortsmitte-1024x576.jpg"},"full":{"file":"Neues-Wohn-und-Gesch\u00e4ftshaus-in-S\u00f6gels-Ortsmitte.jpg","width":1024,"height":576,"mime_type":"image\/jpeg","source_url":"https:\/\/www.forum-soegel.de\/information\/wp-content\/uploads\/2018\/06\/Neues-Wohn-und-Gesch\u00e4ftshaus-in-S\u00f6gels-Ortsmitte.jpg"}},"image_meta":{"aperture":"0","credit":"","camera":"","caption":"","created_timestamp":"0","copyright":"","focal_length":"0","iso":"0","shutter_speed":"0","title":"","orientation":"0","keywords":[]}},"post":24198,"source_url":"https:\/\/www.forum-soegel.de\/information\/wp-content\/uploads\/2018\/06\/Neues-Wohn-und-Gesch\u00e4ftshaus-in-S\u00f6gels-Ortsmitte.jpg","_links":{"self":[{"href":"https:\/\/www.forum-soegel.de\/information\/wp-json\/wp\/v2\/media\/24199","targetHints":{"allow":["GET"]}}],"collection":[{"href":"https:\/\/www.forum-soegel.de\/information\/wp-json\/wp\/v2\/media"}],"about":[{"href":"https:\/\/www.forum-soegel.de\/information\/wp-json\/wp\/v2\/types\/attachment"}],"author":[{"embeddable":true,"href":"https:\/\/www.forum-soegel.de\/information\/wp-json\/wp\/v2\/users\/2"}],"replies":[{"embeddable":true,"href":"https:\/\/www.forum-soegel.de\/information\/wp-json\/wp\/v2\/comments?post=24199"}],"wp:attached-to":[{"embeddable":true,"post_type":"post","id":24198,"href":"https:\/\/www.forum-soegel.de\/information\/wp-json\/wp\/v2\/posts\/24198"}],"curies":[{"name":"wp","href":"https:\/\/api.w.org\/{rel}","templated":true}]}}

https://www.forum-soegel.de/information/wp-content/uploads/2018/06/Neues-Wohn-und-Geschäftshaus-in-Sögels-Ortsmitte.jpg

Neues Wohn- und Geschäftshaus in Sögels Ortsmitte

<p class="attachment"><a href='https://www.forum-soegel.de/information/wp-content/uploads/2018/06/Neues-Wohn-und-Geschäftshaus-in-Sögels-Ortsmitte.jpg'><img loading="lazy" decoding="async" width="300" height="169" src="https://www.forum-soegel.de/information/wp-content/uploads/2018/06/Neues-Wohn-und-Geschäftshaus-in-Sögels-Ortsmitte-300x169.jpg" class="attachment-medium size-medium" alt="" srcset="https://www.forum-soegel.de/information/wp-content/uploads/2018/06/Neues-Wohn-und-Geschäftshaus-in-Sögels-Ortsmitte-300x169.jpg 300w, https://www.forum-soegel.de/information/wp-content/uploads/2018/06/Neues-Wohn-und-Geschäftshaus-in-Sögels-Ortsmitte-768x432.jpg 768w, https://www.forum-soegel.de/information/wp-content/uploads/2018/06/Neues-Wohn-und-Geschäftshaus-in-Sögels-Ortsmitte.jpg 1024w" sizes="auto, (max-width: 300px) 100vw, 300px" /></a></p>

Bis zum Frühjahr nächsten Jahres soll ein neues Wohn- und Geschäftshaus in der Sögeler Ortsmitte entstehen.

2018/06/Neues-Wohn-und-Geschäftshaus-in-Sögels-Ortsmitte.jpg

Neues-Wohn-und-Geschäftshaus-in-Sögels-Ortsmitte-150x150.jpg

https://www.forum-soegel.de/information/wp-content/uploads/2018/06/Neues-Wohn-und-Geschäftshaus-in-Sögels-Ortsmitte-150x150.jpg

Neues-Wohn-und-Geschäftshaus-in-Sögels-Ortsmitte-300x169.jpg

https://www.forum-soegel.de/information/wp-content/uploads/2018/06/Neues-Wohn-und-Geschäftshaus-in-Sögels-Ortsmitte-300x169.jpg

Neues-Wohn-und-Geschäftshaus-in-Sögels-Ortsmitte-768x432.jpg

https://www.forum-soegel.de/information/wp-content/uploads/2018/06/Neues-Wohn-und-Geschäftshaus-in-Sögels-Ortsmitte-768x432.jpg

Neues-Wohn-und-Geschäftshaus-in-Sögels-Ortsmitte-1024x576.jpg

https://www.forum-soegel.de/information/wp-content/uploads/2018/06/Neues-Wohn-und-Geschäftshaus-in-Sögels-Ortsmitte-1024x576.jpg

Neues-Wohn-und-Geschäftshaus-in-Sögels-Ortsmitte.jpg
