{"id":10,"date":"2010-04-01T15:16:56","date_gmt":"2010-04-01T13:16:56","guid":{"rendered":"https:\/\/www.forum-soegel.de\/forum\/?page_id=10"},"modified":"2014-03-30T12:31:49","modified_gmt":"2014-03-30T10:31:49","slug":"uber-uns","status":"publish","type":"page","link":"https:\/\/www.forum-soegel.de\/forum\/uber-uns","title":{"rendered":"\u00dcber uns"},"content":{"rendered":"<p>Der Verein <strong>Forum S\u00f6gel e.V.<\/strong> Information|Geschichte|Zukunft wurde am 28.5.2008 gegr\u00fcndet und z\u00e4hlt zur Zeit etwa 140 Mitglieder. Er\u00a0 verfolgt im Wesentlichen f\u00fcnf Ziele:<\/p>\n<p><strong>Aufarbeitung historischer Themen zur S\u00f6geler\/H\u00fcmmlinger Wirtschafts- Sozial- und Kulturgeschichte<\/strong> im Kontext zur emsl\u00e4ndischen, deutschen und europ\u00e4ischen Geschichte f\u00fcr eine anschauliche, erlebnisnahe und zeitgem\u00e4\u00dfe Pr\u00e4sentation.<\/p>\n<p><strong>F\u00f6rderung der Lese-, Informations- und Medienkompetenz,<\/strong> indem er \u2013 im Sinne von Vernetzung &#8211; Schulklassen die M\u00f6glichkeit bietet, &#8211; parallel zu Unterrichtseinhalten &#8211; sowohl die Geschichtswerkstatt als auch die B\u00fccherei der Kath. Kirche zu nutzen.<\/p>\n<p><strong>F\u00f6rderung der au\u00dferschulischen Erziehungs- und Bildungsarbeit<\/strong> in den oben genannten Bildungsbereichen, indem er Schulklassen unterschiedlicher Bildungsg\u00e4nge (HS\/RS\/Gym\/BBS) in den neuen R\u00e4umen des Bildungszentrums praxisnahen au\u00dferschulischen Unterricht und Erkundungen anbietet.<\/p>\n<p><strong>Unterst\u00fctzung auf dem lebenslangen Bildungsweg<\/strong> z. B. bei Senioren, Personen mit Migrationshintergrund etc. Wichtig ist, die Angebote auf die Bed\u00fcrfnisse von Senioren und von Migrantinnen und Migranten und Sch\u00fclern\/Lehrern zuzuschneiden und sie auf dem Bildungs- und Lebensweg zu unterst\u00fctzen.<\/p>\n<p><strong>Angebot im Bildungstourismus:<\/strong> Auch die Vernetzung des \u201eBildungszentrums S\u00f6gel\u201c mit dem regionalen und \u00fcberregionalen Bereich des Tourismus soll die Pr\u00e4senz der Bildung in allen Lebensbereichen zeigen.<\/p>\n","protected":false},"excerpt":{"rendered":"Der Verein Forum S\u00f6gel e.V. Information|Geschichte|Zukunft wurde am 28.5.2008 gegr\u00fcndet und z\u00e4hlt zur Zeit etwa 140 Mitglieder. Er\u00a0 verfolgt im Wesentlichen f\u00fcnf Ziele: Aufarbeitung historischer Themen zur S\u00f6geler\/H\u00fcmmlinger Wirtschafts- Sozial- und Kulturgeschichte im Kontext zur emsl\u00e4ndischen, deutschen und europ\u00e4ischen Geschichte f\u00fcr eine anschauliche, erlebnisnahe und zeitgem\u00e4\u00dfe Pr\u00e4sentation. F\u00f6rderung der Lese-, Informations- und Medienkompetenz, indem er [&hellip;]\n","protected":false},"author":1,"featured_media":0,"parent":0,"menu_order":1,"comment_status":"closed","ping_status":"closed","template":"","meta":{"ngg_post_thumbnail":0,"footnotes":""},"class_list":["post-10","page","type-page","status-publish","hentry"],"_links":{"self":[{"href":"https:\/\/www.forum-soegel.de\/forum\/wp-json\/wp\/v2\/pages\/10","targetHints":{"allow":["GET"]}}],"collection":[{"href":"https:\/\/www.forum-soegel.de\/forum\/wp-json\/wp\/v2\/pages"}],"about":[{"href":"https:\/\/www.forum-soegel.de\/forum\/wp-json\/wp\/v2\/types\/page"}],"author":[{"embeddable":true,"href":"https:\/\/www.forum-soegel.de\/forum\/wp-json\/wp\/v2\/users\/1"}],"replies":[{"embeddable":true,"href":"https:\/\/www.forum-soegel.de\/forum\/wp-json\/wp\/v2\/comments?post=10"}],"version-history":[{"count":15,"href":"https:\/\/www.forum-soegel.de\/forum\/wp-json\/wp\/v2\/pages\/10\/revisions"}],"predecessor-version":[{"id":58,"href":"https:\/\/www.forum-soegel.de\/forum\/wp-json\/wp\/v2\/pages\/10\/revisions\/58"}],"wp:attachment":[{"href":"https:\/\/www.forum-soegel.de\/forum\/wp-json\/wp\/v2\/media?parent=10"}],"curies":[{"name":"wp","href":"https:\/\/api.w.org\/{rel}","templated":true}]}}